{"id":3685,"date":"2025-11-10T15:46:59","date_gmt":"2025-11-10T14:46:59","guid":{"rendered":"https:\/\/veroniquelamare.fr\/?page_id=3685"},"modified":"2026-03-30T20:24:37","modified_gmt":"2026-03-30T19:24:37","slug":"polymod-2012","status":"publish","type":"page","link":"https:\/\/veroniquelamare.fr\/index.php\/polymod-2012\/","title":{"rendered":"Polymod"},"content":{"rendered":"\n<p class=\"has-text-color\" style=\"color:#9d9d9d\">2012<br>____________________<\/p>\n\n\n\n<p class=\"has-small-font-size\"><em>Polymod<\/em> documente la r\u00e9alisation de l&rsquo;\u0153uvre de l&rsquo;artiste berlinois Florian Balze con\u00e7ue dans le cadre du 1% artistique (commande publique) initi\u00e9 par le Conseil G\u00e9n\u00e9ral de la Gironde pour le Coll\u00e8ge de Saint-Symphorien (33).<\/p>\n\n\n\n<figure class=\"wp-block-embed is-type-video is-provider-vimeo wp-block-embed-vimeo\"><div class=\"wp-block-embed__wrapper\">\n<iframe loading=\"lazy\" title=\"Polymod [extrait 1] - 2012\" src=\"https:\/\/player.vimeo.com\/video\/73026941?dnt=1&amp;app_id=122963\" width=\"660\" height=\"528\" frameborder=\"0\" allow=\"autoplay; fullscreen; picture-in-picture; clipboard-write; encrypted-media; web-share\" referrerpolicy=\"strict-origin-when-cross-origin\"><\/iframe>\n<\/div><\/figure>\n\n\n<div class=\"wp-block-image\">\n<figure class=\"aligncenter size-full\"><a href=\"https:\/\/veroniquelamare.fr\/wp-content\/uploads\/2016\/02\/Polymodx401.jpg\" target=\"_blank\" rel=\"noreferrer noopener\"><img decoding=\"async\" loading=\"lazy\" width=\"400\" height=\"320\" src=\"https:\/\/veroniquelamare.fr\/wp-content\/uploads\/2016\/02\/Polymodx401.jpg\" alt=\"\" class=\"wp-image-189\" srcset=\"https:\/\/veroniquelamare.fr\/wp-content\/uploads\/2016\/02\/Polymodx401.jpg 400w, https:\/\/veroniquelamare.fr\/wp-content\/uploads\/2016\/02\/Polymodx401-300x240.jpg 300w\" sizes=\"(max-width: 400px) 100vw, 400px\" \/><\/a><\/figure><\/div>\n\n<div class=\"wp-block-image\">\n<figure class=\"aligncenter size-full\"><a href=\"https:\/\/veroniquelamare.fr\/wp-content\/uploads\/2016\/02\/Polymodx402.jpg\" target=\"_blank\" rel=\"noreferrer noopener\"><img decoding=\"async\" loading=\"lazy\" width=\"400\" height=\"320\" src=\"https:\/\/veroniquelamare.fr\/wp-content\/uploads\/2016\/02\/Polymodx402.jpg\" alt=\"\" class=\"wp-image-190\" srcset=\"https:\/\/veroniquelamare.fr\/wp-content\/uploads\/2016\/02\/Polymodx402.jpg 400w, https:\/\/veroniquelamare.fr\/wp-content\/uploads\/2016\/02\/Polymodx402-300x240.jpg 300w\" sizes=\"(max-width: 400px) 100vw, 400px\" \/><\/a><\/figure><\/div>\n\n<div class=\"wp-block-image\">\n<figure class=\"aligncenter size-full\"><a href=\"https:\/\/veroniquelamare.fr\/wp-content\/uploads\/2016\/02\/Polymodx404.jpg\" target=\"_blank\" rel=\"noreferrer noopener\"><img decoding=\"async\" loading=\"lazy\" width=\"400\" height=\"320\" src=\"https:\/\/veroniquelamare.fr\/wp-content\/uploads\/2016\/02\/Polymodx404.jpg\" alt=\"\" class=\"wp-image-192\" srcset=\"https:\/\/veroniquelamare.fr\/wp-content\/uploads\/2016\/02\/Polymodx404.jpg 400w, https:\/\/veroniquelamare.fr\/wp-content\/uploads\/2016\/02\/Polymodx404-300x240.jpg 300w\" sizes=\"(max-width: 400px) 100vw, 400px\" \/><\/a><\/figure><\/div>\n\n<div class=\"wp-block-image\">\n<figure class=\"aligncenter size-full\"><a href=\"https:\/\/veroniquelamare.fr\/wp-content\/uploads\/2016\/02\/Polymodx403.jpg\" target=\"_blank\" rel=\"noreferrer noopener\"><img decoding=\"async\" loading=\"lazy\" width=\"400\" height=\"320\" src=\"https:\/\/veroniquelamare.fr\/wp-content\/uploads\/2016\/02\/Polymodx403.jpg\" alt=\"\" class=\"wp-image-191\" srcset=\"https:\/\/veroniquelamare.fr\/wp-content\/uploads\/2016\/02\/Polymodx403.jpg 400w, https:\/\/veroniquelamare.fr\/wp-content\/uploads\/2016\/02\/Polymodx403-300x240.jpg 300w\" sizes=\"(max-width: 400px) 100vw, 400px\" \/><\/a><\/figure><\/div>\n\n\n<p class=\"has-text-align-center\" style=\"font-size:11px\">Tirages photographiques \u00e0 partir d&rsquo;une s\u00e9lection d&rsquo;images vid\u00e9o extraites de <em>Polymod<\/em>.<\/p>\n","protected":false},"excerpt":{"rendered":"<p>2012____________________ Polymod documente la r\u00e9alisation de l&rsquo;\u0153uvre de l&rsquo;artiste berlinois Florian Balze con\u00e7ue dans le cadre du 1% artistique (commande publique) initi\u00e9 par le Conseil G\u00e9n\u00e9ral de la Gironde pour le Coll\u00e8ge de Saint-Symphorien (33). Tirages photographiques \u00e0 partir d&rsquo;une s\u00e9lection d&rsquo;images vid\u00e9o extraites de Polymod.<\/p>\n","protected":false},"author":1,"featured_media":0,"parent":0,"menu_order":0,"comment_status":"closed","ping_status":"closed","template":"","meta":[],"_links":{"self":[{"href":"https:\/\/veroniquelamare.fr\/index.php\/wp-json\/wp\/v2\/pages\/3685"}],"collection":[{"href":"https:\/\/veroniquelamare.fr\/index.php\/wp-json\/wp\/v2\/pages"}],"about":[{"href":"https:\/\/veroniquelamare.fr\/index.php\/wp-json\/wp\/v2\/types\/page"}],"author":[{"embeddable":true,"href":"https:\/\/veroniquelamare.fr\/index.php\/wp-json\/wp\/v2\/users\/1"}],"replies":[{"embeddable":true,"href":"https:\/\/veroniquelamare.fr\/index.php\/wp-json\/wp\/v2\/comments?post=3685"}],"version-history":[{"count":14,"href":"https:\/\/veroniquelamare.fr\/index.php\/wp-json\/wp\/v2\/pages\/3685\/revisions"}],"predecessor-version":[{"id":4066,"href":"https:\/\/veroniquelamare.fr\/index.php\/wp-json\/wp\/v2\/pages\/3685\/revisions\/4066"}],"wp:attachment":[{"href":"https:\/\/veroniquelamare.fr\/index.php\/wp-json\/wp\/v2\/media?parent=3685"}],"curies":[{"name":"wp","href":"https:\/\/api.w.org\/{rel}","templated":true}]}}