{"id":3856,"date":"2026-01-14T09:45:31","date_gmt":"2026-01-14T08:45:31","guid":{"rendered":"https:\/\/veroniquelamare.fr\/?page_id=3856"},"modified":"2026-03-30T20:19:40","modified_gmt":"2026-03-30T19:19:40","slug":"figures-topologiques-figures-geometriques","status":"publish","type":"page","link":"https:\/\/veroniquelamare.fr\/index.php\/figures-topologiques-figures-geometriques\/","title":{"rendered":"Figures topologiques &#8211; Figures g\u00e9om\u00e9triques"},"content":{"rendered":"\n<p class=\"has-text-color\" style=\"color:#9d9d9d\">2025<br>____________________<\/p>\n\n\n\n<p class=\"has-small-font-size\">page en cours\u2026<\/p>\n\n\n\n<p class=\"has-small-font-size\"><em>Figures topologiques &#8211; Figures g\u00e9om\u00e9triques<\/em> documente la r\u00e9alisation de l&rsquo;\u0153uvre du duo d&rsquo;artistes britanniques Bevis Martin &amp; Charlie Youle con\u00e7ue dans le cadre du 1% artistique (commande publique) initi\u00e9 par le D\u00e9partement de la Gironde pour le Coll\u00e8ge Jacques Ellul \u00e0 Bordeaux.<\/p>\n\n\n\n<figure class=\"wp-block-image size-large is-resized\"><a href=\"https:\/\/veroniquelamare.fr\/wp-content\/uploads\/2026\/02\/FiguresGeometriques-Assemblage1-\u00a9LamareV-2025.jpg\" target=\"_blank\" rel=\"noreferrer noopener\"><img decoding=\"async\" loading=\"lazy\" src=\"https:\/\/veroniquelamare.fr\/wp-content\/uploads\/2026\/02\/FiguresGeometriques-Assemblage1-\u00a9LamareV-2025-644x362.jpg\" alt=\"\" class=\"wp-image-3958\" width=\"644\" height=\"362\" srcset=\"https:\/\/veroniquelamare.fr\/wp-content\/uploads\/2026\/02\/FiguresGeometriques-Assemblage1-\u00a9LamareV-2025-644x362.jpg 644w, https:\/\/veroniquelamare.fr\/wp-content\/uploads\/2026\/02\/FiguresGeometriques-Assemblage1-\u00a9LamareV-2025-300x169.jpg 300w, https:\/\/veroniquelamare.fr\/wp-content\/uploads\/2026\/02\/FiguresGeometriques-Assemblage1-\u00a9LamareV-2025-768x432.jpg 768w, https:\/\/veroniquelamare.fr\/wp-content\/uploads\/2026\/02\/FiguresGeometriques-Assemblage1-\u00a9LamareV-2025-1536x864.jpg 1536w, https:\/\/veroniquelamare.fr\/wp-content\/uploads\/2026\/02\/FiguresGeometriques-Assemblage1-\u00a9LamareV-2025.jpg 1600w\" sizes=\"(max-width: 644px) 100vw, 644px\" \/><\/a><\/figure>\n","protected":false},"excerpt":{"rendered":"<p>2025____________________ page en cours\u2026 Figures topologiques &#8211; Figures g\u00e9om\u00e9triques documente la r\u00e9alisation de l&rsquo;\u0153uvre du duo d&rsquo;artistes britanniques Bevis Martin &amp; Charlie Youle con\u00e7ue dans le cadre du 1% artistique (commande publique) initi\u00e9 par le D\u00e9partement de la Gironde pour le Coll\u00e8ge Jacques Ellul \u00e0 Bordeaux.<\/p>\n","protected":false},"author":1,"featured_media":0,"parent":0,"menu_order":0,"comment_status":"closed","ping_status":"closed","template":"","meta":[],"_links":{"self":[{"href":"https:\/\/veroniquelamare.fr\/index.php\/wp-json\/wp\/v2\/pages\/3856"}],"collection":[{"href":"https:\/\/veroniquelamare.fr\/index.php\/wp-json\/wp\/v2\/pages"}],"about":[{"href":"https:\/\/veroniquelamare.fr\/index.php\/wp-json\/wp\/v2\/types\/page"}],"author":[{"embeddable":true,"href":"https:\/\/veroniquelamare.fr\/index.php\/wp-json\/wp\/v2\/users\/1"}],"replies":[{"embeddable":true,"href":"https:\/\/veroniquelamare.fr\/index.php\/wp-json\/wp\/v2\/comments?post=3856"}],"version-history":[{"count":8,"href":"https:\/\/veroniquelamare.fr\/index.php\/wp-json\/wp\/v2\/pages\/3856\/revisions"}],"predecessor-version":[{"id":4062,"href":"https:\/\/veroniquelamare.fr\/index.php\/wp-json\/wp\/v2\/pages\/3856\/revisions\/4062"}],"wp:attachment":[{"href":"https:\/\/veroniquelamare.fr\/index.php\/wp-json\/wp\/v2\/media?parent=3856"}],"curies":[{"name":"wp","href":"https:\/\/api.w.org\/{rel}","templated":true}]}}