{"id":571,"date":"2016-03-11T21:39:19","date_gmt":"2016-03-11T20:39:19","guid":{"rendered":"http:\/\/veroniquelamare.fr\/?page_id=571"},"modified":"2025-06-09T09:23:24","modified_gmt":"2025-06-09T08:23:24","slug":"les-mercredis-ca-sert-a-rien","status":"publish","type":"page","link":"https:\/\/veroniquelamare.fr\/index.php\/les-mercredis-ca-sert-a-rien\/","title":{"rendered":"les mercredis \u00e7a sert \u00e0 rien"},"content":{"rendered":"<p><span style=\"color: #999999;\">2008 &#8211; 2020<\/span><br \/>\n<span style=\"color: #999999;\">\u2014\u2014\u2014\u2014\u2014\u2014\u2014\u2014<\/span><\/p>\n<p>Atelier de cr\u00e9ation et d&rsquo;initiation \u00e0 l&rsquo;art contemporain pour un groupe d&rsquo;enfants <span style=\"color: #333333;\">du SESSAD (f\u00e9d\u00e9ration APAJH) autour des th\u00e9matiques suivantes : corps en mouvement, gestes, empreintes, rapport \u00e0 l&rsquo;espace, vid\u00e9o-performance.<\/span><\/p>\n<p class=\"p1\"><span style=\"color: #808080;\">\u00ab L\u2019adaptation concerne les deux parties : le jeune porteur d\u2019un handicap mental mais aussi l\u2019artiste accueillant ce groupe d\u2019adolescents. Ainsi si le jeune doit s\u2019adapter \u00e0 cet espace nouveau, l&rsquo;artiste devra \u00e9galement s\u2019adapter \u00e0 l&rsquo;expression originale de ces adolescents. Nous pensons que l&rsquo;approche de diverses pratiques artistiques peut leur permettre de se d\u00e9couvrir des capacit\u00e9s d&rsquo;expression, de communication, de cr\u00e9ation propres \u00e0 restaurer leur image personnelle et sociale, de s&rsquo;inscrire comme sujet actif et singulier. S&rsquo;\u00e9chapper de la norme gr\u00e2ce \u00e0 la cr\u00e9ation artistique peut permettre \u00e0 ces jeunes adolescents une expression constructive et reconnue. L\u2019artiste avec son savoir-faire, sa comp\u00e9tence, en sera alors le <\/span><span class=\"s1\"><span style=\"color: #808080;\">r\u00e9v\u00e9lateur, le fer de lance, le bras arm\u00e9. \u00bb<\/span><br \/>\n<\/span><span style=\"color: #808080;\">Anne-Lise Vergniol Gaqui\u00e8re, \u00e9ducatrice sp\u00e9cialis\u00e9e<\/span><\/p>\n<p><img decoding=\"async\" loading=\"lazy\" class=\"alignnone wp-image-1718\" src=\"https:\/\/veroniquelamare.fr\/wp-content\/uploads\/2018\/07\/DeLautreCoteDuBleu-APAJH2018.png\" alt=\"\" width=\"644\" height=\"188\" srcset=\"https:\/\/veroniquelamare.fr\/wp-content\/uploads\/2018\/07\/DeLautreCoteDuBleu-APAJH2018.png 673w, https:\/\/veroniquelamare.fr\/wp-content\/uploads\/2018\/07\/DeLautreCoteDuBleu-APAJH2018-300x87.png 300w, https:\/\/veroniquelamare.fr\/wp-content\/uploads\/2018\/07\/DeLautreCoteDuBleu-APAJH2018-644x188.png 644w\" sizes=\"(max-width: 644px) 100vw, 644px\" \/><br \/>\n<span style=\"color: #333333;\">\u00a0 <em>de l&rsquo;autre c\u00f4t\u00e9 du bleu<\/em> &#8211; vid\u00e9o &#8211; 2018<\/span><\/p>\n<p><span style=\"color: #999999;\"><img decoding=\"async\" loading=\"lazy\" class=\"alignnone wp-image-1554\" src=\"https:\/\/veroniquelamare.fr\/wp-content\/uploads\/2016\/03\/LeR\u00eave-frame1-\u00a9VL2017.jpg\" alt=\"\" width=\"644\" height=\"362\" srcset=\"https:\/\/veroniquelamare.fr\/wp-content\/uploads\/2016\/03\/LeR\u00eave-frame1-\u00a9VL2017.jpg 1280w, https:\/\/veroniquelamare.fr\/wp-content\/uploads\/2016\/03\/LeR\u00eave-frame1-\u00a9VL2017-300x169.jpg 300w, https:\/\/veroniquelamare.fr\/wp-content\/uploads\/2016\/03\/LeR\u00eave-frame1-\u00a9VL2017-768x432.jpg 768w, https:\/\/veroniquelamare.fr\/wp-content\/uploads\/2016\/03\/LeR\u00eave-frame1-\u00a9VL2017-644x362.jpg 644w\" sizes=\"(max-width: 644px) 100vw, 644px\" \/><span style=\"color: #333333;\"><em><br \/>\nLe R\u00eave<\/em> &#8211; vid\u00e9o &#8211; 2017<\/span><\/span><\/p>\n<p><img decoding=\"async\" loading=\"lazy\" class=\"alignnone size-large wp-image-1136\" src=\"https:\/\/veroniquelamare.fr\/wp-content\/uploads\/2016\/03\/LesMercredis\u20262016-1-644x430.jpeg\" alt=\"\" width=\"644\" height=\"430\" srcset=\"https:\/\/veroniquelamare.fr\/wp-content\/uploads\/2016\/03\/LesMercredis\u20262016-1-644x430.jpeg 644w, https:\/\/veroniquelamare.fr\/wp-content\/uploads\/2016\/03\/LesMercredis\u20262016-1-300x200.jpeg 300w, https:\/\/veroniquelamare.fr\/wp-content\/uploads\/2016\/03\/LesMercredis\u20262016-1-768x513.jpeg 768w, https:\/\/veroniquelamare.fr\/wp-content\/uploads\/2016\/03\/LesMercredis\u20262016-1.jpeg 800w\" sizes=\"(max-width: 644px) 100vw, 644px\" \/><\/p>\n<p><img decoding=\"async\" loading=\"lazy\" class=\"alignnone wp-image-437 size-large\" src=\"https:\/\/veroniquelamare.fr\/wp-content\/uploads\/2016\/03\/Affiche20152-682x1024-644x967.jpg\" alt=\"Affiche20152-682x1024\" width=\"644\" height=\"967\" srcset=\"https:\/\/veroniquelamare.fr\/wp-content\/uploads\/2016\/03\/Affiche20152-682x1024-644x967.jpg 644w, https:\/\/veroniquelamare.fr\/wp-content\/uploads\/2016\/03\/Affiche20152-682x1024-200x300.jpg 200w, https:\/\/veroniquelamare.fr\/wp-content\/uploads\/2016\/03\/Affiche20152-682x1024.jpg 682w\" sizes=\"(max-width: 644px) 100vw, 644px\" \/><\/p>\n<p><img decoding=\"async\" loading=\"lazy\" class=\"alignnone wp-image-648\" src=\"https:\/\/veroniquelamare.fr\/wp-content\/uploads\/2016\/03\/AfficheAtelier.jpg\" alt=\"AfficheAtelier\" width=\"644\" height=\"966\" srcset=\"https:\/\/veroniquelamare.fr\/wp-content\/uploads\/2016\/03\/AfficheAtelier.jpg 400w, https:\/\/veroniquelamare.fr\/wp-content\/uploads\/2016\/03\/AfficheAtelier-200x300.jpg 200w\" sizes=\"(max-width: 644px) 100vw, 644px\" \/><\/p>\n","protected":false},"excerpt":{"rendered":"<p>2008 &#8211; 2020 \u2014\u2014\u2014\u2014\u2014\u2014\u2014\u2014 Atelier de cr\u00e9ation et d&rsquo;initiation \u00e0 l&rsquo;art contemporain pour un groupe d&rsquo;enfants du SESSAD (f\u00e9d\u00e9ration APAJH) autour des th\u00e9matiques suivantes : corps en mouvement, gestes, empreintes, rapport \u00e0 l&rsquo;espace, vid\u00e9o-performance. \u00ab L\u2019adaptation concerne les deux parties : le jeune porteur d\u2019un handicap mental mais aussi l\u2019artiste accueillant ce groupe d\u2019adolescents. Ainsi &hellip; <a href=\"https:\/\/veroniquelamare.fr\/index.php\/les-mercredis-ca-sert-a-rien\/\" class=\"more-link\">Continuer la lecture de <span class=\"screen-reader-text\">les mercredis \u00e7a sert \u00e0 rien<\/span><\/a><\/p>\n","protected":false},"author":1,"featured_media":0,"parent":0,"menu_order":19,"comment_status":"closed","ping_status":"closed","template":"","meta":[],"_links":{"self":[{"href":"https:\/\/veroniquelamare.fr\/index.php\/wp-json\/wp\/v2\/pages\/571"}],"collection":[{"href":"https:\/\/veroniquelamare.fr\/index.php\/wp-json\/wp\/v2\/pages"}],"about":[{"href":"https:\/\/veroniquelamare.fr\/index.php\/wp-json\/wp\/v2\/types\/page"}],"author":[{"embeddable":true,"href":"https:\/\/veroniquelamare.fr\/index.php\/wp-json\/wp\/v2\/users\/1"}],"replies":[{"embeddable":true,"href":"https:\/\/veroniquelamare.fr\/index.php\/wp-json\/wp\/v2\/comments?post=571"}],"version-history":[{"count":45,"href":"https:\/\/veroniquelamare.fr\/index.php\/wp-json\/wp\/v2\/pages\/571\/revisions"}],"predecessor-version":[{"id":3612,"href":"https:\/\/veroniquelamare.fr\/index.php\/wp-json\/wp\/v2\/pages\/571\/revisions\/3612"}],"wp:attachment":[{"href":"https:\/\/veroniquelamare.fr\/index.php\/wp-json\/wp\/v2\/media?parent=571"}],"curies":[{"name":"wp","href":"https:\/\/api.w.org\/{rel}","templated":true}]}}